{"id":2278,"date":"2022-08-10T10:49:56","date_gmt":"2022-08-10T08:49:56","guid":{"rendered":"http:\/\/charlotte-depelissot.com\/?page_id=2278"},"modified":"2022-09-08T17:06:03","modified_gmt":"2022-09-08T15:06:03","slug":"les-nouveaux-affineurs","status":"publish","type":"page","link":"https:\/\/charlotte-depelissot.com\/index.php\/les-nouveaux-affineurs\/","title":{"rendered":"Les Nouveaux Affineurs"},"content":{"rendered":"\t\t<div data-elementor-type=\"wp-page\" data-elementor-id=\"2278\" class=\"elementor elementor-2278\" data-elementor-post-type=\"page\">\n\t\t\t\t\t\t<section class=\"elementor-section elementor-top-section elementor-element elementor-element-268f200d elementor-section-boxed elementor-section-height-default elementor-section-height-default qodef-elementor-content-no\" data-id=\"268f200d\" data-element_type=\"section\" data-e-type=\"section\">\n\t\t\t\t\t\t<div class=\"elementor-container elementor-column-gap-default\">\n\t\t\t\t\t<div class=\"elementor-column elementor-col-100 elementor-top-column elementor-element elementor-element-4af8166c\" data-id=\"4af8166c\" data-element_type=\"column\" data-e-type=\"column\">\n\t\t\t<div class=\"elementor-widget-wrap elementor-element-populated\">\n\t\t\t\t\t\t<div class=\"elementor-element elementor-element-1cd8a01f elementor-widget elementor-widget-heading\" data-id=\"1cd8a01f\" data-element_type=\"widget\" data-e-type=\"widget\" data-widget_type=\"heading.default\">\n\t\t\t\t<div class=\"elementor-widget-container\">\n\t\t\t\t\t<h1 class=\"elementor-heading-title elementor-size-default\">Les Nouveaux Affineurs<\/h1>\t\t\t\t<\/div>\n\t\t\t\t<\/div>\n\t\t\t\t<div class=\"elementor-element elementor-element-336c754b elementor-widget elementor-widget-spacer\" data-id=\"336c754b\" data-element_type=\"widget\" data-e-type=\"widget\" data-widget_type=\"spacer.default\">\n\t\t\t\t<div class=\"elementor-widget-container\">\n\t\t\t\t\t\t\t<div class=\"elementor-spacer\">\n\t\t\t<div class=\"elementor-spacer-inner\"><\/div>\n\t\t<\/div>\n\t\t\t\t\t\t<\/div>\n\t\t\t\t<\/div>\n\t\t\t\t\t<\/div>\n\t\t<\/div>\n\t\t\t\t\t<\/div>\n\t\t<\/section>\n\t\t\t\t<section class=\"elementor-section elementor-top-section elementor-element elementor-element-bfd8657 elementor-section-boxed elementor-section-height-default elementor-section-height-default qodef-elementor-content-no\" data-id=\"bfd8657\" data-element_type=\"section\" data-e-type=\"section\">\n\t\t\t\t\t\t<div class=\"elementor-container elementor-column-gap-default\">\n\t\t\t\t\t<div class=\"elementor-column elementor-col-50 elementor-top-column elementor-element elementor-element-0458c4d\" data-id=\"0458c4d\" data-element_type=\"column\" data-e-type=\"column\">\n\t\t\t<div class=\"elementor-widget-wrap elementor-element-populated\">\n\t\t\t\t\t\t<div class=\"elementor-element elementor-element-72dbf7e elementor-widget elementor-widget-spacer\" data-id=\"72dbf7e\" data-element_type=\"widget\" data-e-type=\"widget\" data-widget_type=\"spacer.default\">\n\t\t\t\t<div class=\"elementor-widget-container\">\n\t\t\t\t\t\t\t<div class=\"elementor-spacer\">\n\t\t\t<div class=\"elementor-spacer-inner\"><\/div>\n\t\t<\/div>\n\t\t\t\t\t\t<\/div>\n\t\t\t\t<\/div>\n\t\t\t\t<div class=\"elementor-element elementor-element-83cad57 elementor-widget elementor-widget-heading\" data-id=\"83cad57\" data-element_type=\"widget\" data-e-type=\"widget\" data-widget_type=\"heading.default\">\n\t\t\t\t<div class=\"elementor-widget-container\">\n\t\t\t\t\t<h2 class=\"elementor-heading-title elementor-size-default\">Direction Artistique, direction artistique <br>&amp; packaging<\/h2>\t\t\t\t<\/div>\n\t\t\t\t<\/div>\n\t\t\t\t<div class=\"elementor-element elementor-element-4ae1497 elementor-widget elementor-widget-text-editor\" data-id=\"4ae1497\" data-element_type=\"widget\" data-e-type=\"widget\" data-widget_type=\"text-editor.default\">\n\t\t\t\t<div class=\"elementor-widget-container\">\n\t\t\t\t\t\t\t\t\t<p>Cr\u00e9ation pour le lancement de la marque Les Nouveaux Affineurs :<\/p><p>&gt; D\u00e9finition des besoins avec le client<\/p><p>&gt; Accompagnement dans la r\u00e9flexion de l&rsquo;identit\u00e9 de marque<\/p><p>&gt; R\u00e9alisation de la ligne directrice et cr\u00e9ative du projet<\/p><p>&gt; Cr\u00e9ation de l&rsquo;identit\u00e9 visuelle,\u00a0<span style=\"background-color: #ffffff; font-family: inherit; font-style: inherit; letter-spacing: inherit; text-transform: inherit;\">logo,\u00a0<\/span><span style=\"background-color: #ffffff; font-family: inherit; font-style: inherit; letter-spacing: inherit; text-transform: inherit;\">charte graphique et supports de communication<\/span><\/p><p>&gt; Cr\u00e9ation de la charte et des\u00a0<span style=\"background-color: #ffffff; font-family: inherit; font-style: inherit; letter-spacing: inherit; text-transform: inherit;\">packagings pour la gamme des produits\u00a0<\/span><span style=\"background-color: #ffffff;\">\u00ab\u00a0Frais\u00a0\u00bb.<\/span><\/p>\t\t\t\t\t\t\t\t<\/div>\n\t\t\t\t<\/div>\n\t\t\t\t\t<\/div>\n\t\t<\/div>\n\t\t\t\t<div class=\"elementor-column elementor-col-50 elementor-top-column elementor-element elementor-element-ad42439\" data-id=\"ad42439\" data-element_type=\"column\" data-e-type=\"column\">\n\t\t\t<div class=\"elementor-widget-wrap elementor-element-populated\">\n\t\t\t\t\t\t<div class=\"elementor-element elementor-element-344ef1c elementor-widget elementor-widget-image\" data-id=\"344ef1c\" data-element_type=\"widget\" data-e-type=\"widget\" data-widget_type=\"image.default\">\n\t\t\t\t<div class=\"elementor-widget-container\">\n\t\t\t\t\t\t\t\t\t\t\t\t\t\t\t<img fetchpriority=\"high\" decoding=\"async\" width=\"600\" height=\"600\" src=\"https:\/\/charlotte-depelissot.com\/wp-content\/uploads\/2022\/08\/LNA_PageProjet-1.jpg\" class=\"attachment-large size-large wp-image-2772\" alt=\"\" srcset=\"https:\/\/charlotte-depelissot.com\/wp-content\/uploads\/2022\/08\/LNA_PageProjet-1.jpg 600w, https:\/\/charlotte-depelissot.com\/wp-content\/uploads\/2022\/08\/LNA_PageProjet-1-300x300.jpg 300w, https:\/\/charlotte-depelissot.com\/wp-content\/uploads\/2022\/08\/LNA_PageProjet-1-150x150.jpg 150w, https:\/\/charlotte-depelissot.com\/wp-content\/uploads\/2022\/08\/LNA_PageProjet-1-100x100.jpg 100w\" sizes=\"(max-width: 600px) 100vw, 600px\" \/>\t\t\t\t\t\t\t\t\t\t\t\t\t\t\t<\/div>\n\t\t\t\t<\/div>\n\t\t\t\t\t<\/div>\n\t\t<\/div>\n\t\t\t\t\t<\/div>\n\t\t<\/section>\n\t\t\t\t<section class=\"elementor-section elementor-top-section elementor-element elementor-element-69a5cf60 elementor-section-boxed elementor-section-height-default elementor-section-height-default qodef-elementor-content-no\" data-id=\"69a5cf60\" data-element_type=\"section\" data-e-type=\"section\">\n\t\t\t\t\t\t<div class=\"elementor-container elementor-column-gap-default\">\n\t\t\t\t\t<div class=\"elementor-column elementor-col-100 elementor-top-column elementor-element elementor-element-7057bf84\" data-id=\"7057bf84\" data-element_type=\"column\" data-e-type=\"column\">\n\t\t\t<div class=\"elementor-widget-wrap elementor-element-populated\">\n\t\t\t\t\t\t<div class=\"elementor-element elementor-element-6704f9c3 elementor-widget elementor-widget-qi_addons_for_elementor_before_after\" data-id=\"6704f9c3\" data-element_type=\"widget\" data-e-type=\"widget\" data-widget_type=\"qi_addons_for_elementor_before_after.default\">\n\t\t\t\t<div class=\"elementor-widget-container\">\n\t\t\t\t\t<div class=\"qodef-shortcode qodef-m  qodef-qi-before-after qodef--horizontal\">\n\t<div class=\"qodef-before-after-image-holder qodef-m-image\" data-offset=\"50\">\n\t\t<img decoding=\"async\" width=\"1080\" height=\"1080\" src=\"https:\/\/charlotte-depelissot.com\/wp-content\/uploads\/2022\/08\/LNA-1_1080-1080.jpg\" class=\"attachment-full size-full\" alt=\"\" srcset=\"https:\/\/charlotte-depelissot.com\/wp-content\/uploads\/2022\/08\/LNA-1_1080-1080.jpg 1080w, https:\/\/charlotte-depelissot.com\/wp-content\/uploads\/2022\/08\/LNA-1_1080-1080-300x300.jpg 300w, https:\/\/charlotte-depelissot.com\/wp-content\/uploads\/2022\/08\/LNA-1_1080-1080-1024x1024.jpg 1024w, https:\/\/charlotte-depelissot.com\/wp-content\/uploads\/2022\/08\/LNA-1_1080-1080-150x150.jpg 150w, https:\/\/charlotte-depelissot.com\/wp-content\/uploads\/2022\/08\/LNA-1_1080-1080-768x768.jpg 768w, https:\/\/charlotte-depelissot.com\/wp-content\/uploads\/2022\/08\/LNA-1_1080-1080-650x650.jpg 650w, https:\/\/charlotte-depelissot.com\/wp-content\/uploads\/2022\/08\/LNA-1_1080-1080-600x600.jpg 600w, https:\/\/charlotte-depelissot.com\/wp-content\/uploads\/2022\/08\/LNA-1_1080-1080-100x100.jpg 100w\" sizes=\"(max-width: 1080px) 100vw, 1080px\" \/><img decoding=\"async\" width=\"1080\" height=\"1080\" src=\"https:\/\/charlotte-depelissot.com\/wp-content\/uploads\/2022\/08\/LNA-2_1080-1080.jpg\" class=\"attachment-full size-full\" alt=\"\" srcset=\"https:\/\/charlotte-depelissot.com\/wp-content\/uploads\/2022\/08\/LNA-2_1080-1080.jpg 1080w, https:\/\/charlotte-depelissot.com\/wp-content\/uploads\/2022\/08\/LNA-2_1080-1080-300x300.jpg 300w, https:\/\/charlotte-depelissot.com\/wp-content\/uploads\/2022\/08\/LNA-2_1080-1080-1024x1024.jpg 1024w, https:\/\/charlotte-depelissot.com\/wp-content\/uploads\/2022\/08\/LNA-2_1080-1080-150x150.jpg 150w, https:\/\/charlotte-depelissot.com\/wp-content\/uploads\/2022\/08\/LNA-2_1080-1080-768x768.jpg 768w, https:\/\/charlotte-depelissot.com\/wp-content\/uploads\/2022\/08\/LNA-2_1080-1080-650x650.jpg 650w, https:\/\/charlotte-depelissot.com\/wp-content\/uploads\/2022\/08\/LNA-2_1080-1080-600x600.jpg 600w, https:\/\/charlotte-depelissot.com\/wp-content\/uploads\/2022\/08\/LNA-2_1080-1080-100x100.jpg 100w\" sizes=\"(max-width: 1080px) 100vw, 1080px\" \/>\t<\/div>\n\t\t\t<div class=\"qodef-handle-text\">\n\t\t\tfaire glisser\t\t<\/div>\n\t<\/div>\n\t\t\t\t<\/div>\n\t\t\t\t<\/div>\n\t\t\t\t\t<\/div>\n\t\t<\/div>\n\t\t\t\t\t<\/div>\n\t\t<\/section>\n\t\t\t\t<section class=\"elementor-section elementor-top-section elementor-element elementor-element-49fc30d8 elementor-section-boxed elementor-section-height-default elementor-section-height-default qodef-elementor-content-no\" data-id=\"49fc30d8\" data-element_type=\"section\" data-e-type=\"section\">\n\t\t\t\t\t\t<div class=\"elementor-container elementor-column-gap-default\">\n\t\t\t\t\t<div class=\"elementor-column elementor-col-100 elementor-top-column elementor-element elementor-element-2402375a\" data-id=\"2402375a\" data-element_type=\"column\" data-e-type=\"column\">\n\t\t\t<div class=\"elementor-widget-wrap elementor-element-populated\">\n\t\t\t\t\t\t<div class=\"elementor-element elementor-element-1b44328e elementor-widget elementor-widget-qi_addons_for_elementor_image_gallery\" data-id=\"1b44328e\" data-element_type=\"widget\" data-e-type=\"widget\" data-widget_type=\"qi_addons_for_elementor_image_gallery.default\">\n\t\t\t\t<div class=\"elementor-widget-container\">\n\t\t\t\t\t<div class=\"qodef-shortcode qodef-m  qodef-qi-image-gallery qodef-qi-fslightbox-popup qodef-popup-gallery qodef-image--hover-zoom  qodef-qi-grid qodef-layout--qi-columns  qodef-col-num--3   qodef-responsive--predefined\">\n\t<div class=\"qodef-grid-inner\">\n\t\t<div class=\"qodef-e qodef-image-wrapper qodef-grid-item\">\n\t<div class=\"qodef-e-inner\">\n\t\t\t\t\t<a class=\"qodef-popup-item\" itemprop=\"image\" href=\"https:\/\/charlotte-depelissot.com\/wp-content\/uploads\/2022\/08\/LNA-1_1080-1080-2.jpg\" data-type=\"image\" data-fslightbox=\"gallery-89\">\n\t\t\t\t\t<img loading=\"lazy\" decoding=\"async\" width=\"1080\" height=\"1080\" src=\"https:\/\/charlotte-depelissot.com\/wp-content\/uploads\/2022\/08\/LNA-1_1080-1080-2.jpg\" class=\"attachment-full size-full\" alt=\"\" srcset=\"https:\/\/charlotte-depelissot.com\/wp-content\/uploads\/2022\/08\/LNA-1_1080-1080-2.jpg 1080w, https:\/\/charlotte-depelissot.com\/wp-content\/uploads\/2022\/08\/LNA-1_1080-1080-2-300x300.jpg 300w, https:\/\/charlotte-depelissot.com\/wp-content\/uploads\/2022\/08\/LNA-1_1080-1080-2-1024x1024.jpg 1024w, https:\/\/charlotte-depelissot.com\/wp-content\/uploads\/2022\/08\/LNA-1_1080-1080-2-150x150.jpg 150w, https:\/\/charlotte-depelissot.com\/wp-content\/uploads\/2022\/08\/LNA-1_1080-1080-2-768x768.jpg 768w, https:\/\/charlotte-depelissot.com\/wp-content\/uploads\/2022\/08\/LNA-1_1080-1080-2-650x650.jpg 650w, https:\/\/charlotte-depelissot.com\/wp-content\/uploads\/2022\/08\/LNA-1_1080-1080-2-600x600.jpg 600w, https:\/\/charlotte-depelissot.com\/wp-content\/uploads\/2022\/08\/LNA-1_1080-1080-2-100x100.jpg 100w\" sizes=\"(max-width: 1080px) 100vw, 1080px\" \/>\t\t\t\t\t<\/a>\n\t\t\t<\/div>\n<\/div>\n<div class=\"qodef-e qodef-image-wrapper qodef-grid-item\">\n\t<div class=\"qodef-e-inner\">\n\t\t\t\t\t<a class=\"qodef-popup-item\" itemprop=\"image\" href=\"https:\/\/charlotte-depelissot.com\/wp-content\/uploads\/2022\/08\/LNA-2_1080-1080-1.jpg\" data-type=\"image\" data-fslightbox=\"gallery-89\">\n\t\t\t\t\t<img loading=\"lazy\" decoding=\"async\" width=\"1080\" height=\"1080\" src=\"https:\/\/charlotte-depelissot.com\/wp-content\/uploads\/2022\/08\/LNA-2_1080-1080-1.jpg\" class=\"attachment-full size-full\" alt=\"\" srcset=\"https:\/\/charlotte-depelissot.com\/wp-content\/uploads\/2022\/08\/LNA-2_1080-1080-1.jpg 1080w, https:\/\/charlotte-depelissot.com\/wp-content\/uploads\/2022\/08\/LNA-2_1080-1080-1-300x300.jpg 300w, https:\/\/charlotte-depelissot.com\/wp-content\/uploads\/2022\/08\/LNA-2_1080-1080-1-1024x1024.jpg 1024w, https:\/\/charlotte-depelissot.com\/wp-content\/uploads\/2022\/08\/LNA-2_1080-1080-1-150x150.jpg 150w, https:\/\/charlotte-depelissot.com\/wp-content\/uploads\/2022\/08\/LNA-2_1080-1080-1-768x768.jpg 768w, https:\/\/charlotte-depelissot.com\/wp-content\/uploads\/2022\/08\/LNA-2_1080-1080-1-650x650.jpg 650w, https:\/\/charlotte-depelissot.com\/wp-content\/uploads\/2022\/08\/LNA-2_1080-1080-1-600x600.jpg 600w, https:\/\/charlotte-depelissot.com\/wp-content\/uploads\/2022\/08\/LNA-2_1080-1080-1-100x100.jpg 100w\" sizes=\"(max-width: 1080px) 100vw, 1080px\" \/>\t\t\t\t\t<\/a>\n\t\t\t<\/div>\n<\/div>\n<div class=\"qodef-e qodef-image-wrapper qodef-grid-item\">\n\t<div class=\"qodef-e-inner\">\n\t\t\t\t\t<a class=\"qodef-popup-item\" itemprop=\"image\" href=\"https:\/\/charlotte-depelissot.com\/wp-content\/uploads\/2022\/08\/LNA-3_1080-1080.jpg\" data-type=\"image\" data-fslightbox=\"gallery-89\">\n\t\t\t\t\t<img loading=\"lazy\" decoding=\"async\" width=\"1080\" height=\"1080\" src=\"https:\/\/charlotte-depelissot.com\/wp-content\/uploads\/2022\/08\/LNA-3_1080-1080.jpg\" class=\"attachment-full size-full\" alt=\"\" srcset=\"https:\/\/charlotte-depelissot.com\/wp-content\/uploads\/2022\/08\/LNA-3_1080-1080.jpg 1080w, https:\/\/charlotte-depelissot.com\/wp-content\/uploads\/2022\/08\/LNA-3_1080-1080-300x300.jpg 300w, https:\/\/charlotte-depelissot.com\/wp-content\/uploads\/2022\/08\/LNA-3_1080-1080-1024x1024.jpg 1024w, https:\/\/charlotte-depelissot.com\/wp-content\/uploads\/2022\/08\/LNA-3_1080-1080-150x150.jpg 150w, https:\/\/charlotte-depelissot.com\/wp-content\/uploads\/2022\/08\/LNA-3_1080-1080-768x768.jpg 768w, https:\/\/charlotte-depelissot.com\/wp-content\/uploads\/2022\/08\/LNA-3_1080-1080-650x650.jpg 650w, https:\/\/charlotte-depelissot.com\/wp-content\/uploads\/2022\/08\/LNA-3_1080-1080-600x600.jpg 600w, https:\/\/charlotte-depelissot.com\/wp-content\/uploads\/2022\/08\/LNA-3_1080-1080-100x100.jpg 100w\" sizes=\"(max-width: 1080px) 100vw, 1080px\" \/>\t\t\t\t\t<\/a>\n\t\t\t<\/div>\n<\/div>\n\t<\/div>\n<\/div>\n\t\t\t\t<\/div>\n\t\t\t\t<\/div>\n\t\t\t\t\t<\/div>\n\t\t<\/div>\n\t\t\t\t\t<\/div>\n\t\t<\/section>\n\t\t\t\t<section class=\"elementor-section elementor-top-section elementor-element elementor-element-1fd9b1b elementor-section-boxed elementor-section-height-default elementor-section-height-default qodef-elementor-content-no\" data-id=\"1fd9b1b\" data-element_type=\"section\" data-e-type=\"section\">\n\t\t\t\t\t\t<div class=\"elementor-container elementor-column-gap-default\">\n\t\t\t\t\t<div class=\"elementor-column elementor-col-50 elementor-top-column elementor-element elementor-element-d270dbd\" data-id=\"d270dbd\" data-element_type=\"column\" data-e-type=\"column\">\n\t\t\t<div class=\"elementor-widget-wrap elementor-element-populated\">\n\t\t\t\t\t\t<div class=\"elementor-element elementor-element-b68ebc3 elementor-widget elementor-widget-button\" data-id=\"b68ebc3\" data-element_type=\"widget\" data-e-type=\"widget\" data-widget_type=\"button.default\">\n\t\t\t\t<div class=\"elementor-widget-container\">\n\t\t\t\t\t\t\t\t\t<div class=\"elementor-button-wrapper\">\n\t\t\t\t\t<a class=\"elementor-button elementor-button-link elementor-size-sm\" href=\"https:\/\/charlotte-depelissot.com\/index.php\/winsleek\/\">\n\t\t\t\t\t\t<span class=\"elementor-button-content-wrapper\">\n\t\t\t\t\t\t<span class=\"elementor-button-icon\">\n\t\t\t\t<i aria-hidden=\"true\" class=\"far fa-arrow-alt-circle-left\"><\/i>\t\t\t<\/span>\n\t\t\t\t\t\t\t\t\t<span class=\"elementor-button-text\">Projet pr\u00e9c\u00e9dent<\/span>\n\t\t\t\t\t<\/span>\n\t\t\t\t\t<\/a>\n\t\t\t\t<\/div>\n\t\t\t\t\t\t\t\t<\/div>\n\t\t\t\t<\/div>\n\t\t\t\t\t<\/div>\n\t\t<\/div>\n\t\t\t\t<div class=\"elementor-column elementor-col-50 elementor-top-column elementor-element elementor-element-9d3265d\" data-id=\"9d3265d\" data-element_type=\"column\" data-e-type=\"column\">\n\t\t\t<div class=\"elementor-widget-wrap elementor-element-populated\">\n\t\t\t\t\t\t<div class=\"elementor-element elementor-element-d0b59c5 elementor-align-right elementor-widget elementor-widget-button\" data-id=\"d0b59c5\" data-element_type=\"widget\" data-e-type=\"widget\" data-widget_type=\"button.default\">\n\t\t\t\t<div class=\"elementor-widget-container\">\n\t\t\t\t\t\t\t\t\t<div class=\"elementor-button-wrapper\">\n\t\t\t\t\t<a class=\"elementor-button elementor-button-link elementor-size-sm\" href=\"https:\/\/charlotte-depelissot.com\/index.php\/jolies-mirettes\/\">\n\t\t\t\t\t\t<span class=\"elementor-button-content-wrapper\">\n\t\t\t\t\t\t<span class=\"elementor-button-icon\">\n\t\t\t\t<i aria-hidden=\"true\" class=\"far fa-arrow-alt-circle-right\"><\/i>\t\t\t<\/span>\n\t\t\t\t\t\t\t\t\t<span class=\"elementor-button-text\">Projet suivant<\/span>\n\t\t\t\t\t<\/span>\n\t\t\t\t\t<\/a>\n\t\t\t\t<\/div>\n\t\t\t\t\t\t\t\t<\/div>\n\t\t\t\t<\/div>\n\t\t\t\t\t<\/div>\n\t\t<\/div>\n\t\t\t\t\t<\/div>\n\t\t<\/section>\n\t\t\t\t<\/div>\n\t\t","protected":false},"excerpt":{"rendered":"<p>Les Nouveaux Affineurs Direction Artistique, direction artistique &amp; packaging Cr\u00e9ation pour le lancement de la marque Les Nouveaux Affineurs : &gt; D\u00e9finition des besoins avec le client &gt; Accompagnement dans la r\u00e9flexion de l&rsquo;identit\u00e9 de marque &gt; R\u00e9alisation de la ligne directrice et cr\u00e9ative du projet &gt; Cr\u00e9ation de l&rsquo;identit\u00e9 visuelle,\u00a0logo,\u00a0charte graphique et supports de [&hellip;]<\/p>\n","protected":false},"author":1,"featured_media":0,"parent":0,"menu_order":0,"comment_status":"closed","ping_status":"closed","template":"","meta":{"footnotes":""},"class_list":["post-2278","page","type-page","status-publish","hentry"],"_links":{"self":[{"href":"https:\/\/charlotte-depelissot.com\/index.php\/wp-json\/wp\/v2\/pages\/2278","targetHints":{"allow":["GET"]}}],"collection":[{"href":"https:\/\/charlotte-depelissot.com\/index.php\/wp-json\/wp\/v2\/pages"}],"about":[{"href":"https:\/\/charlotte-depelissot.com\/index.php\/wp-json\/wp\/v2\/types\/page"}],"author":[{"embeddable":true,"href":"https:\/\/charlotte-depelissot.com\/index.php\/wp-json\/wp\/v2\/users\/1"}],"replies":[{"embeddable":true,"href":"https:\/\/charlotte-depelissot.com\/index.php\/wp-json\/wp\/v2\/comments?post=2278"}],"version-history":[{"count":83,"href":"https:\/\/charlotte-depelissot.com\/index.php\/wp-json\/wp\/v2\/pages\/2278\/revisions"}],"predecessor-version":[{"id":3202,"href":"https:\/\/charlotte-depelissot.com\/index.php\/wp-json\/wp\/v2\/pages\/2278\/revisions\/3202"}],"wp:attachment":[{"href":"https:\/\/charlotte-depelissot.com\/index.php\/wp-json\/wp\/v2\/media?parent=2278"}],"curies":[{"name":"wp","href":"https:\/\/api.w.org\/{rel}","templated":true}]}}